de 158151?
False
Is 11 a factor of 338858?
False
Is 62850 a multiple of 419?
True
Does 333 divide 14652?
True
Does 621 divide 983043?
True
Is 205940 a multiple of 35?
True
Is 90 a factor of 10894028?
False
Is 14 a factor of 567800?
False
Does 3 divide 64921?
False
Is 2361975 a multiple of 11?
True
Is 19 a factor of 24358?
True
Is 749 a factor of 486669?
False
Is 262 a factor of 186542?
False
Does 18 divide 5551596?
True
Does 37 divide 3770744?
True
Does 14 divide 392445?
False
Is 27 a factor of 1254177?
True
Is 984 a factor of 8005607?
False
Does 22 divide 4571996?
True
Is 6 a factor of 172041?
False
Is 296716 a multiple of 28?
True
Is 2583355 a multiple of 47?
True
Is 15832 a multiple of 4?
True
Is 14 a factor of 735740?
False
Is 61 a factor of 25559?
True
Is 12 a factor of 1924946?
False
Is 3 a factor of 160851?
True
Is 227 a factor of 343678?
True
Is 5529931 a multiple of 18?
False
Does 47 divide 73367?
True
Is 5 a factor of 36120?
True
Does 326 divide 628202?
True
Does 252 divide 556920?
True
Is 56 a factor of 8509092?
False
Is 776 a factor of 7848433?
False
Is 1490032 a multiple of 627?
False
Is 822354 a multiple of 169?
True
Does 63 divide 2161971?
True
Is 12 a factor of 178183?
False
Is 28896 a multiple of 32?
True
Does 19 divide 1001927?
True
Is 47040 a multiple of 240?
True
Is 24408 a multiple of 3?
True
Is 401080 a multiple of 55?
False
Is 152 a factor of 85424?
True
Does 240 divide 28560?
True
Is 2274736 a multiple of 55?
False
Does 377 divide 1843561?
False
Is 8 a factor of 9972552?
True
Is 57 a factor of 525836?
False
Is 141 a factor of 1092644?
False
Does 47 divide 539930?
False
Is 3444902 a multiple of 86?
True
Is 163047 a multiple of 69?
True
Is 112 a factor of 101472?
True
Does 721 divide 26607633?
False
Does 123 divide 157194?
True
Is 175960 a multiple of 166?
True
Is 227 a factor of 2317?
False
Is 159155 a multiple of 229?
True
Is 13 a factor of 7707?
False
Is 3066028 a multiple of 28?
True
Is 6 a factor of 21354?
True
Does 280 divide 393960?
True
Is 208 a factor of 3163507?
False
Is 271819 a multiple of 90?
False
Is 241667 a multiple of 849?
False
Is 50 a factor of 171042?
False
Is 101260 a multiple of 219?
False
Does 8 divide 647288?
True
Is 14 a factor of 378182?
True
Is 23744 a multiple of 119?
False
Is 16588550 a multiple of 166?
False
Does 123 divide 20664?
True
Is 229602 a multiple of 17?
True
Does 241 divide 247897?
False
Is 50 a factor of 1739102?
False
Does 53 divide 261508?
False
Is 82 a factor of 71668?
True
Does 10 divide 68710?
True
Does 5 divide 76971?
False
Does 1027 divide 14267399?
False
Does 11 divide 31119?
True
Is 6 a factor of 28008?
True
Is 760284 a multiple of 36?
True
Is 60 a factor of 184721?
False
Is 663 a factor of 11446029?
False
Does 25 divide 400164?
False
Is 102146 a multiple of 22?
True
Does 76 divide 2465136?
True
Is 181244 a multiple of 65?
False
Is 1231540 a multiple of 493?
False
Does 454 divide 42222?
True
Is 48 a factor of 38141?
False
Does 385 divide 71610?
True
Is 10505251 a multiple of 393?
False
Is 105 a factor of 1208025?
True
Is 8022101 a multiple of 147?
False
Is 235 a factor of 2318980?
True
Is 8 a factor of 3718590?
False
Is 45 a factor of 1145949?
False
Does 266 divide 25004?
True
Is 177 a factor of 624633?
True
Is 13 a factor of 247063?
False
Is 26 a factor of 64879?
False
Is 141 a factor of 1751784?
True
Is 584235 a multiple of 139?
False
Is 3356350 a multiple of 475?
True
Does 19 divide 392939?
True
Is 1202784 a multiple of 136?
True
Is 49 a factor of 52755?
False
Is 1502786 a multiple of 557?
True
Is 46 a factor of 25796492?
False
Does 622 divide 506930?
True
Does 29 divide 47647?
True
Is 1642 a factor of 13462758?
True
Is 34 a factor of 225548?
False
Is 210080 a multiple of 16?
True
Does 278 divide 1712758?
True
Is 2051619 a multiple of 42?
False
Does 738 divide 4279662?
True
Is 3443 a multiple of 2?
False
Is 12 a factor of 187360?
False
Is 6701937 a multiple of 7?
False
Is 4 a factor of 647206?
False
Is 2223754 a multiple of 591?
False
Does 17 divide 1437924?
False
Is 95876 a multiple of 22?
True
Is 14 a factor of 2579928?
False
Does 2 divide 1191253?
False
Does 444 divide 740764?
False
Does 74 divide 1894495?
False
Does 84 divide 873852?
True
Is 22 a factor of 254750?
False
Is 1803349 a multiple of 12?
False
Is 40 a factor of 16788?
False
Is 14047209 a multiple of 809?
False
Is 1087 a factor of 14076650?
True
Is 540 a factor of 103140?
True
Does 447 divide 14596489?
False
Is 113 a factor of 157330?
False
Does 555 divide 2981258?
False
Does 33 divide 4797438?
False
Is 201953 a multiple of 85?
False
Is 11046958 a multiple of 1118?
True
Does 308 divide 7061871?
False
Is 41 a factor of 108145?
False
Is 576000 a multiple of 200?
True
Is 13 a factor of 64311?
True
Is 12 a factor of 487755?
False
Is 84 a factor of 79216?
False
Does 9 divide 239673?
False
Is 1730296 a multiple of 31?
True
Is 35 a factor of 338852?
False
Is 6 a factor of 39984?
True
Is 783 a factor of 4589946?
True
Is 57 a factor of 1624785?
True
Does 338 divide 327173?
False
Does 171 divide 2310552?
True
Does 14 divide 75254?
False
Is 6566605 a multiple of 261?
False
Does 129 divide 373455?
True
Does 11 divide 10855801?
True
Is 42 a factor of 761298?
False
Is 129446 a multiple of 12?
False
Is 2538 a factor of 24402870?
True
Is 110 a factor of 131340?
True
Is 687780 a multiple of 20?
True
Does 5 divide 35385?
True
Is 66805 a multiple of 61?
False
Is 57 a factor of 470022?
True
Is 99 a factor of 5729229?
True
Is 446 a factor of 351894?
True
Is 7323084 a multiple of 310?
False
Is 26 a factor of 2821728?
True
Is 499 a factor of 5377980?
False
Does 271 divide 1071099?
False
Does 768 divide 433815?
False
Is 549796 a multiple of 194?
True
Does 150 divide 1841772?
False
Is 10362 a multiple of 5?
False
Is 2908963 a multiple of 982?
False
Is 593125 a multiple of 92?
False
Is 95616 a multiple of 12?
True
Is 3228840 a multiple of 40?
True
Is 341016 a multiple of 24?
True
Is 12867988 a multiple of 452?
True
Is 39138 a multiple of 16?
False
Does 9 divide 829?
False
Is 230572 a multiple of 59?
True
Is 2811960 a multiple of 90?
True
Does 13 divide 38389?
True
Is 9 a factor of 22680?
True
Is 13 a factor of 121596?
False
Is 174249 a multiple of 57?
True
Does 19 divide 4847318?
True
Is 527560 a multiple of 40?
True
Is 118273 a multiple of 12?
False
Does 120 divide 243035?
False
Is 3753007 a multiple of 247?
False
Is 11 a factor of 147400?
True
Does 53 divide 292189?
True
Is 35575 a multiple of 25?
True
Is 111 a factor of 2873701?
False
Is 149584 a multiple of 22?
False
Is 469800 a multiple of 162?
True
Is 17 a factor of 4211783?
False
Is 5477 a multiple of 16?
False
Does 15 divide 25503?
False
Does 45 divide 65160?
True
Does 457 divide 58172?
False
Is 351090 a multiple of 192?
False
Is 493 a factor of 2116612?
False
Does 475 divide 777287?
False
Does 20 divide 164060?
True
Is 4151719 a multiple of 13?
True
Is 16280 even?
True
Is 86 a factor of 511958?
True
Does 547 divide 2156821?
True
Is 135044 a multiple of 196?
True
Is 129218 a multiple of 10?
False
Is 180721 a multiple of 18?
False
Does 53 divide 39709?
False
Is 5 a factor of 38403?
False
Does 1178 divide 1412422?
True
Is 14 a factor of 1378171?
False
Does 14 divide 919940?
True
Is 107100 a multiple of 102?
True
Is 91280 a multiple of 16?
True
Does 46 divide 902152?
True
Is 446768 a multiple of 28?
True
Does 6 divide 151532?
False
Does 61 divide 15738?
True
Does 912 divide 1569872?
False
Does 169 divide 2149481?
False
Is 59223 a multiple of 19?
True
Is 705 a factor of 3179935?
False
Is 7156121 a multiple of 781?
False
Is 222 a factor of 172938?
True
Is 3096715 a multiple of 19?
True
Does 9 divide 302654?
False
Is 62712 a multiple of 78?
True
Is 605 a factor of 1220218?
False
Is 219 a factor of 179839?
False
Is 199 a factor of 298500?
True
Is 142 a factor of 304829?
False
Is 63861 a multiple of 14?
False
Is 89 a factor of 42542?
True
Is 4692009 even?
False
Does 66 divide 12513635?
False
Does 86 divide 166766?
False
Is 4007516 a multiple of 236?
True
Does 110 divide 12187450?
True
Is 15 a factor of 27604440?
True
Is 160 a factor of 10082400?
True
Is 3448999 a multiple of 18?
False
Is 9 a factor of 7077983?
False
Does 12 divide 300164?
False
Is 458865 a multiple of 15?
True